{"id":154,"date":"2025-07-22T18:57:06","date_gmt":"2025-07-22T16:57:06","guid":{"rendered":"http:\/\/astroclics.fr\/?page_id=154"},"modified":"2025-07-22T18:57:06","modified_gmt":"2025-07-22T16:57:06","slug":"en-savoir-2","status":"publish","type":"page","link":"https:\/\/astroclics.fr\/index.php\/en-savoir-2\/","title":{"rendered":"En savoir ++"},"content":{"rendered":"\n<p><mark style=\"background-color:rgba(0, 0, 0, 0);color:#abb8c3\" class=\"has-inline-color\">Les n\u00e9buleuses occupent une place essentielle dans la compr\u00e9hension moderne de l\u2019\u00e9volution stellaire et galactique. Longtemps per\u00e7ues comme de simples taches floues dans les lunettes des astronomes du XVIIIe si\u00e8cle, elles sont aujourd\u2019hui reconnues comme des t\u00e9moins, des acteurs et des vestiges des processus fondamentaux de transformation de la mati\u00e8re dans l\u2019univers.<\/mark><\/p>\n\n\n\n<p><mark style=\"background-color:rgba(0, 0, 0, 0);color:#abb8c3\" class=\"has-inline-color\">Le terme \u00ab n\u00e9buleuse \u00bb, issu du latin <em>nebula<\/em>, signifiant \u00ab nuage \u00bb, a d\u2019abord \u00e9t\u00e9 utilis\u00e9 de fa\u00e7on g\u00e9n\u00e9rique pour d\u00e9signer toute forme diffuse dans le ciel. Ainsi, jusqu\u2019au d\u00e9but du XXe si\u00e8cle, m\u00eame certaines galaxies \u00e9taient class\u00e9es parmi les n\u00e9buleuses. Ce n\u2019est qu\u2019en 1924, avec les travaux d\u2019<strong>Edwin Hubble<\/strong>, que l\u2019on comprend que beaucoup de ces \u00ab n\u00e9buleuses spirales \u00bb sont en r\u00e9alit\u00e9 des galaxies distinctes, situ\u00e9es bien au-del\u00e0 de la Voie lact\u00e9e.<\/mark><\/p>\n\n\n\n<p><mark style=\"background-color:rgba(0, 0, 0, 0);color:#abb8c3\" class=\"has-inline-color\">Mais les v\u00e9ritables n\u00e9buleuses interstellaires, elles, sont des objets fascinants, tant par leur diversit\u00e9 que par leur r\u00f4le physique. Leur composition est essentiellement constitu\u00e9e d\u2019hydrog\u00e8ne (H), le constituant le plus abondant de l\u2019univers, mais aussi d\u2019h\u00e9lium (He) et de quantit\u00e9s moindres d\u2019\u00e9l\u00e9ments lourds tels que le carbone, l\u2019azote, l\u2019oxyg\u00e8ne, le soufre et le fer. Le gaz, souvent associ\u00e9 \u00e0 des poussi\u00e8res interstellaires, peut appara\u00eetre lumineux ou sombre selon les m\u00e9canismes physiques en jeu.<\/mark><\/p>\n\n\n\n<p><mark style=\"background-color:rgba(0, 0, 0, 0);color:#abb8c3\" class=\"has-inline-color\">Dans les <strong>r\u00e9gions de formation stellaire<\/strong>, on trouve de vastes nuages mol\u00e9culaires froids, comme le complexe mol\u00e9culaire d\u2019Orion, qui s\u2019\u00e9tend sur des centaines d\u2019ann\u00e9es-lumi\u00e8re. Ces structures sont si denses et si froides (10 \u00e0 20 K) qu\u2019elles permettent \u00e0 l\u2019hydrog\u00e8ne de s\u2019associer en mol\u00e9cules (H\u2082), \u00e9tape indispensable \u00e0 l\u2019effondrement gravitationnel. Comme l\u2019\u00e9crit l\u2019astrophysicien <strong>Jean-Pierre Luminet<\/strong> :<\/mark><\/p>\n\n\n\n<blockquote class=\"wp-block-quote is-layout-flow wp-block-quote-is-layout-flow\">\n<p><em><mark style=\"background-color:rgba(0, 0, 0, 0);color:#abb8c3\" class=\"has-inline-color\">\u00ab Les \u00e9toiles ne naissent pas dans le vide, mais au sein d\u2019une mati\u00e8re recycl\u00e9e, enrichie, brass\u00e9e par les g\u00e9n\u00e9rations pr\u00e9c\u00e9dentes. \u00bb<\/mark><\/em><\/p>\n<\/blockquote>\n\n\n\n<p><mark style=\"background-color:rgba(0, 0, 0, 0);color:#abb8c3\" class=\"has-inline-color\">C\u2019est dans ces cocons que se forment les <a href=\"https:\/\/fr.wikipedia.org\/wiki\/Proto%C3%A9toile\" data-type=\"link\" data-id=\"https:\/\/fr.wikipedia.org\/wiki\/Proto%C3%A9toile\">proto\u00e9toiles<\/a>, souvent invisibles aux longueurs d\u2019onde visibles, mais d\u00e9tectables dans l\u2019infrarouge ou par \u00e9mission radio des mol\u00e9cules traceuses (CO, NH\u2083). L\u2019activit\u00e9 y est intense : vents stellaires, jets bipolaires, disques circumstellaires. Lorsque la pression thermique s\u2019oppose \u00e0 la gravit\u00e9, une \u00e9toile entre en s\u00e9quence principale. L\u2019environnement qui l\u2019a vu na\u00eetre devient alors visible sous forme de n\u00e9buleuse d\u2019\u00e9mission, comme la <strong>n\u00e9buleuse d\u2019Orion (M42)<\/strong>, o\u00f9 l\u2019ultraviolet \u00e9mis par les \u00e9toiles jeunes ionise l\u2019hydrog\u00e8ne environnant<\/mark><\/p>\n\n\n\n<p><mark style=\"background-color:rgba(0, 0, 0, 0);color:#abb8c3\" class=\"has-inline-color\">\u00c0 l\u2019inverse, certaines n\u00e9buleuses ne brillent pas : elles <strong>absorbent<\/strong> la lumi\u00e8re des \u00e9toiles en arri\u00e8re-plan. Ce sont les <strong>n\u00e9buleuses obscures<\/strong>, comme la c\u00e9l\u00e8bre <strong>n\u00e9buleuse de la T\u00eate de Cheval<\/strong>. Leur opacit\u00e9 est due \u00e0 la concentration de poussi\u00e8res interstellaires, qui diffusent et absorbent la lumi\u00e8re visible. Ces r\u00e9gions sont parfois les plus actives en termes de formation stellaire, bien que leur apparence soit totalement noire dans les images classiques.<\/mark><\/p>\n\n\n\n<p><mark style=\"background-color:rgba(0, 0, 0, 0);color:#abb8c3\" class=\"has-inline-color\">Les <strong>n\u00e9buleuses par r\u00e9flexion<\/strong>, quant \u00e0 elles, ne sont pas chaudes : elles brillent par la <strong>diffusion de la lumi\u00e8re<\/strong> des \u00e9toiles proches. Leurs teintes bleut\u00e9es, comme celles visibles autour des Pl\u00e9iades (M45), r\u00e9sultent de la diffusion pr\u00e9f\u00e9rentielle des courtes longueurs d\u2019onde, \u00e0 l\u2019image du ciel terrestre.<\/mark><\/p>\n\n\n\n<p><mark style=\"background-color:rgba(0, 0, 0, 0);color:#abb8c3\" class=\"has-inline-color\">Plus tard dans la vie des \u00e9toiles, certaines deviennent elles-m\u00eames la source d\u2019une n\u00e9buleuse. Les \u00e9toiles de masse interm\u00e9diaire (0,8 \u00e0 8 masses solaires) ach\u00e8vent leur existence en <strong>\u00e9jectant leurs couches externes<\/strong>. Ce processus forme une <strong>n\u00e9buleuse plan\u00e9taire<\/strong>, entourant une naine blanche chaude. L\u2019objet central ionise le gaz ambiant, produisant des anneaux, bulles ou lobes aux structures parfois tr\u00e8s complexes. Bien que le nom soit trompeur (ces objets n\u2019ont rien \u00e0 voir avec les plan\u00e8tes), il est rest\u00e9 depuis les premi\u00e8res observations de William Herschel. La <strong>n\u00e9buleuse de la Lyre (M57)<\/strong>, observable dans la constellation du m\u00eame nom, est un exemple classique de ce ph\u00e9nom\u00e8ne. Comme l\u2019explique <strong>Michel Cass\u00e9<\/strong> dans <em>Du vide et de la cr\u00e9ation<\/em> :<\/mark><\/p>\n\n\n\n<blockquote class=\"wp-block-quote is-layout-flow wp-block-quote-is-layout-flow\">\n<p><em><mark style=\"background-color:rgba(0, 0, 0, 0);color:#abb8c3\" class=\"has-inline-color\">\u00ab L\u2019\u00e9toile meurt, mais elle s\u00e8me, autour d\u2019elle, des graines de lumi\u00e8re. \u00bb<\/mark><\/em><\/p>\n<\/blockquote>\n\n\n\n<p><mark style=\"background-color:rgba(0, 0, 0, 0);color:#abb8c3\" class=\"has-inline-color\">Enfin, les \u00e9toiles massives (> 8 M\u2609) terminent leur vie dans des <strong>explosions de supernovae<\/strong>, lib\u00e9rant des quantit\u00e9s consid\u00e9rables d\u2019\u00e9nergie (jusqu\u2019\u00e0 10\u2074\u2074 joules) et projetant dans l\u2019espace leurs couches externes. Les <strong>r\u00e9manents de supernova<\/strong>, tels que la <strong>n\u00e9buleuse du Crabe (M1)<\/strong> ou la <strong>n\u00e9buleuse du Voile<\/strong>, sont le r\u00e9sultat de ces \u00e9v\u00e9nements cataclysmiques. Ils s\u2019\u00e9tendent rapidement dans le milieu interstellaire, en produisant des ondes de choc, en chauffant le gaz ambiant \u00e0 des millions de degr\u00e9s et en enrichissant l\u2019environnement en <strong>\u00e9l\u00e9ments lourds<\/strong>. Ces \u00e9l\u00e9ments sont essentiels \u00e0 la formation de plan\u00e8tes rocheuses, et donc \u00e0 l\u2019apparition potentielle de la vie.<\/mark><\/p>\n\n\n\n<p><mark style=\"background-color:rgba(0, 0, 0, 0);color:#abb8c3\" class=\"has-inline-color\">Le cycle est boucl\u00e9 : les \u00e9toiles naissent dans les n\u00e9buleuses, vivent des millions ou des milliards d\u2019ann\u00e9es, puis y retournent sous forme de gaz enrichi. Comme l\u2019a r\u00e9sum\u00e9 <strong>Carl Sagan<\/strong> :<\/mark><\/p>\n\n\n\n<blockquote class=\"wp-block-quote is-layout-flow wp-block-quote-is-layout-flow\">\n<p><em><mark style=\"background-color:rgba(0, 0, 0, 0);color:#abb8c3\" class=\"has-inline-color\">\u00ab Nous sommes faits de poussi\u00e8res d\u2019\u00e9toiles. \u00bb<\/mark><\/em><\/p>\n<\/blockquote>\n\n\n\n<p><mark style=\"background-color:rgba(0, 0, 0, 0);color:#abb8c3\" class=\"has-inline-color\">Les n\u00e9buleuses, dans toute leur diversit\u00e9, sont les archives visibles de ce cycle cosmique : elles tracent les chemins de la mati\u00e8re, du chaos initial \u00e0 l\u2019organisation structur\u00e9e, des premiers \u00e9l\u00e9ments aux conditions d\u2019habitabilit\u00e9. Photographier une n\u00e9buleuse, c\u2019est donc bien plus que capturer une image esth\u00e9tique : c\u2019est figer, le temps d\u2019une pose, une phase du grand cycle de la mati\u00e8re dans la galaxie.<\/mark><\/p>\n\n\n\n<p><\/p>\n","protected":false},"excerpt":{"rendered":"<p>Les n\u00e9buleuses occupent une place essentielle dans la compr\u00e9hension moderne de l\u2019\u00e9volution stellaire et galactique. Longtemps per\u00e7ues comme de simples taches floues dans les lunettes des astronomes du XVIIIe si\u00e8cle, elles sont aujourd\u2019hui reconnues comme des t\u00e9moins, des acteurs et des vestiges des processus fondamentaux de transformation de la mati\u00e8re dans l\u2019univers. Le terme \u00ab [&hellip;]<\/p>\n","protected":false},"author":1,"featured_media":0,"parent":0,"menu_order":0,"comment_status":"closed","ping_status":"closed","template":"","meta":{"footnotes":""},"class_list":["post-154","page","type-page","status-publish","hentry"],"blocksy_meta":[],"_links":{"self":[{"href":"https:\/\/astroclics.fr\/index.php\/wp-json\/wp\/v2\/pages\/154","targetHints":{"allow":["GET"]}}],"collection":[{"href":"https:\/\/astroclics.fr\/index.php\/wp-json\/wp\/v2\/pages"}],"about":[{"href":"https:\/\/astroclics.fr\/index.php\/wp-json\/wp\/v2\/types\/page"}],"author":[{"embeddable":true,"href":"https:\/\/astroclics.fr\/index.php\/wp-json\/wp\/v2\/users\/1"}],"replies":[{"embeddable":true,"href":"https:\/\/astroclics.fr\/index.php\/wp-json\/wp\/v2\/comments?post=154"}],"version-history":[{"count":1,"href":"https:\/\/astroclics.fr\/index.php\/wp-json\/wp\/v2\/pages\/154\/revisions"}],"predecessor-version":[{"id":155,"href":"https:\/\/astroclics.fr\/index.php\/wp-json\/wp\/v2\/pages\/154\/revisions\/155"}],"wp:attachment":[{"href":"https:\/\/astroclics.fr\/index.php\/wp-json\/wp\/v2\/media?parent=154"}],"curies":[{"name":"wp","href":"https:\/\/api.w.org\/{rel}","templated":true}]}}