{"id":8,"date":"2025-07-22T11:50:03","date_gmt":"2025-07-22T09:50:03","guid":{"rendered":"http:\/\/192.168.1.19\/astroclics\/?page_id=8"},"modified":"2025-07-22T17:58:35","modified_gmt":"2025-07-22T15:58:35","slug":"accueil","status":"publish","type":"page","link":"https:\/\/astroclics.fr\/index.php\/accueil\/","title":{"rendered":"Accueil"},"content":{"rendered":"\n<p><mark style=\"background-color:rgba(0, 0, 0, 0)\" class=\"has-inline-color has-palette-color-5-color\">Bienvenu sur Astroclic un site d&rsquo;astrophotographie. Il vous pr\u00e9sente les clich\u00e9s de son auteu<\/mark><mark style=\"background-color:rgba(0, 0, 0, 0);color:#abb8c3\" class=\"has-inline-color\">r et s&rsquo;etoffera au fils du temps.<\/mark><\/p>\n\n\n\n<p><mark style=\"background-color:rgba(0, 0, 0, 0);color:#abb8c3\" class=\"has-inline-color\">Je suis passionn\u00e9 d\u2019astrophotographie, de nature et de bricolage. Ce site me permet de partager mes observations du ciel nocturne, mes photos, mes projets techniques et quelques r\u00e9flexions autour de l\u2019observation amateur.<\/mark><\/p>\n\n\n\n<p><mark style=\"background-color:rgba(0, 0, 0, 0);color:#abb8c3\" class=\"has-inline-color\">Vous y trouverez des images prises avec une cam\u00e9ra AllSky, des photos de n\u00e9buleuses captur\u00e9es avec des \u00e9quipements simples (souvent faits maison), et des projets DIY autour du Raspberry Pi, de l\u2019automatisation ou du suivi solaire.<\/mark><\/p>\n\n\n\n<p><mark style=\"background-color:rgba(0, 0, 0, 0);color:#abb8c3\" class=\"has-inline-color\">Tout est fait avec une d\u00e9marche artisanale, sobre et autonome, dans l\u2019esprit de mieux comprendre et mieux observer ce qui nous entoure.<\/mark><\/p>\n\n\n\n<p><mark style=\"background-color:rgba(0, 0, 0, 0);color:#abb8c3\" class=\"has-inline-color\">Je suis juste n\u00e9, je balbutie encore.<\/mark><\/p>\n\n\n\n<p><mark style=\"background-color:rgba(0, 0, 0, 0);color:#abb8c3\" class=\"has-inline-color\">Bonne visite sur Astroclics !<\/mark><\/p>\n\n\n\n<p><\/p>\n","protected":false},"excerpt":{"rendered":"<p>Bienvenu sur Astroclic un site d&rsquo;astrophotographie. Il vous pr\u00e9sente les clich\u00e9s de son auteur et s&rsquo;etoffera au fils du temps. Je suis passionn\u00e9 d\u2019astrophotographie, de nature et de bricolage. Ce site me permet de partager mes observations du ciel nocturne, mes photos, mes projets techniques et quelques r\u00e9flexions autour de l\u2019observation amateur. Vous y trouverez [&hellip;]<\/p>\n","protected":false},"author":1,"featured_media":0,"parent":0,"menu_order":0,"comment_status":"closed","ping_status":"closed","template":"","meta":{"footnotes":""},"class_list":["post-8","page","type-page","status-publish","hentry"],"blocksy_meta":[],"_links":{"self":[{"href":"https:\/\/astroclics.fr\/index.php\/wp-json\/wp\/v2\/pages\/8","targetHints":{"allow":["GET"]}}],"collection":[{"href":"https:\/\/astroclics.fr\/index.php\/wp-json\/wp\/v2\/pages"}],"about":[{"href":"https:\/\/astroclics.fr\/index.php\/wp-json\/wp\/v2\/types\/page"}],"author":[{"embeddable":true,"href":"https:\/\/astroclics.fr\/index.php\/wp-json\/wp\/v2\/users\/1"}],"replies":[{"embeddable":true,"href":"https:\/\/astroclics.fr\/index.php\/wp-json\/wp\/v2\/comments?post=8"}],"version-history":[{"count":9,"href":"https:\/\/astroclics.fr\/index.php\/wp-json\/wp\/v2\/pages\/8\/revisions"}],"predecessor-version":[{"id":135,"href":"https:\/\/astroclics.fr\/index.php\/wp-json\/wp\/v2\/pages\/8\/revisions\/135"}],"wp:attachment":[{"href":"https:\/\/astroclics.fr\/index.php\/wp-json\/wp\/v2\/media?parent=8"}],"curies":[{"name":"wp","href":"https:\/\/api.w.org\/{rel}","templated":true}]}}